r when 37638 is divided by 1794?
1758
Calculate the remainder when 11200 is divided by 555.
100
What is the remainder when 1728812 is divided by 322?
316
Calculate the remainder when 15942 is divided by 15634.
308
Calculate the remainder when 51031 is divided by 2834.
19
Calculate the remainder when 9721 is divided by 30.
1
Calculate the remainder when 5892 is divided by 280.
12
Calculate the remainder when 1484 is divided by 69.
35
Calculate the remainder when 1213 is divided by 475.
263
Calculate the remainder when 3619 is divided by 81.
55
What is the remainder when 15647 is divided by 1561?
37
Calculate the remainder when 6147 is divided by 805.
512
Calculate the remainder when 57445 is divided by 86.
83
Calculate the remainder when 34633 is divided by 495.
478
Calculate the remainder when 150936 is divided by 190.
76
What is the remainder when 473764 is divided by 44?
16
What is the remainder when 20097 is divided by 10037?
23
What is the remainder when 66424 is divided by 53?
15
What is the remainder when 2063143 is divided by 169?
160
What is the remainder when 50790 is divided by 10?
0
Calculate the remainder when 907 is divided by 431.
45
What is the remainder when 12390 is divided by 6148?
94
Calculate the remainder when 375 is divided by 7.
4
What is the remainder when 3340105 is divided by 9?
7
What is the remainder when 1464 is divided by 405?
249
Calculate the remainder when 11221 is divided by 1473.
910
Calculate the remainder when 1904 is divided by 1214.
690
What is the remainder when 58079 is divided by 605?
604
Calculate the remainder when 39379 is divided by 14.
11
Calculate the remainder when 18607 is divided by 2323.
23
What is the remainder when 238 is divided by 18?
4
Calculate the remainder when 586103 is divided by 635.
633
Calculate the remainder when 25175 is divided by 11.
7
What is the remainder when 26326 is divided by 233?
230
What is the remainder when 439986 is divided by 199?
196
Calculate the remainder when 793 is divided by 504.
289
Calculate the remainder when 167200 is divided by 934.
14
What is the remainder when 3585 is divided by 85?
15
What is the remainder when 54352 is divided by 27?
1
Calculate the remainder when 114 is divided by 40.
34
What is the remainder when 57416 is divided by 44?
40
What is the remainder when 531767 is divided by 279?
272
What is the remainder when 581164 is divided by 112?
108
What is the remainder when 69027 is divided by 130?
127
What is the remainder when 34332 is divided by 45?
42
What is the remainder when 703 is divided by 133?
38
What is the remainder when 23099 is divided by 1646?
55
What is the remainder when 10119 is divided by 440?
439
What is the remainder when 82379 is divided by 16469?
34
Calculate the remainder when 614570 is divided by 1840.
10
Calculate the remainder when 1098370 is divided by 412.
390
Calculate the remainder when 50020 is divided by 132.
124
What is the remainder when 28157 is divided by 2548?
129
What is the remainder when 11783 is divided by 62?
3
Calculate the remainder when 4768 is divided by 1025.
668
What is the remainder when 2423245 is divided by 1106?
1105
What is the remainder when 5744 is divided by 442?
440
Calculate the remainder when 75041 is divided by 146.
143
What is the remainder when 31519 is divided by 74?
69
What is the remainder when 1517368 is divided by 81?
76
Calculate the remainder when 848 is divided by 30.
8
What is the remainder when 883 is divided by 279?
46
Calculate the remainder when 7790 is divided by 32.
14
Calculate the remainder when 181632 is divided by 539.
528
Calculate the remainder when 25065 is divided by 1191.
54
What is the remainder when 37892 is divided by 5411?
15
What is the remainder when 17327 is divided by 152?
151
What is the remainder when 308 is divided by 21?
14
What is the remainder when 202513 is divided by 49?
45
What is the remainder when 1632 is divided by 94?
34
What is the remainder when 191858 is divided by 47956?
34
What is the remainder when 798 is divided by 105?
63
What is the remainder when 784749 is divided by 730?
729
What is the remainder when 1437246 is divided by 41?
32
What is the remainder when 784 is divided by 85?
19
What is the remainder when 487 is divided by 140?
67
Calculate the remainder when 236011 is divided by 453.
451
What is the remainder when 874 is divided by 3?
1
Calculate the remainder when 28428 is divided by 16.
12
What is the remainder when 10707 is divided by 10686?
21
Calculate the remainder when 1472939 is divided by 735.
734
Calculate the remainder when 1069 is divided by 9.
7
Calculate the remainder when 4437 is divided by 1105.
17
Calculate the remainder when 11564 is divided by 148.
20
Calculate the remainder when 853874 is divided by 675.
674
What is the remainder when 36748 is divided by 247?
192
What is the remainder when 105064 is divided by 17510?
4
What is the remainder when 1990 is divided by 656?
22
Calculate the remainder when 6884 is divided by 315.
269
Calculate the remainder when 73762 is divided by 248.
106
Calculate the remainder when 69348 is divided by 179.
75
Calculate the remainder when 857199 is divided by 285731.
6
What is the remainder when 3012225 is divided by 972?
969
Calculate the remainder when 2185 is divided by 610.
355
Calculate the remainder when 1512 is divided by 1403.
109
What is the remainder when 174526 is divided by 58171?
13
What is the remainder when 2159 is divided by 74?
13
Calculate the remainder when 30790 is divided by 7686.
46
What is the remainder when 5769503 is divided by 134?
133
What is the remainder when 39017 is divided by 7786?
87
What is the remainder when 4701 is divided by 223?
18
What is the remainder when 512 is divided by 121?
28
What is the remainder when 45614 is divided by 97?
24
What is the remainder when 6756 is divided by 675?
6
What is the remainder when 3963 is divided by 265?
253
Calculate the remainder when 324412 is divided by 100.
12
What is the remainder when 4099 is divided by 15?
4
Calculate the remainder when 18408 is divided by 4544.
232
What is the remainder when 46371 is divided by 1545?
21
Calculate the remainder when 2511 is divided by 683.
462
What is the remainder when 61973 is divided by 8?
5
What is the remainder when 72851 is divided by 751?
4
What is the remainder when 13208 is divided by 13?
0
What is the remainder when 22084 is divided by 759?
73
Calculate the remainder when 3639 is divided by 254.
83
What is the remainder when 502 is divided by 43?
29
What is the remainder when 7589 is divided by 15?
14
What is the remainder when 19139 is divided by 9433?
273
What is the remainder when 1754 is divided by 831?
92
Calculate the remainder when 1488 is divided by 634.
220
Calculate the remainder when 138287 is divided by 86.
85
What is the remainder when 896 is divided by 329?
238
What is the remainder when 3321 is divided by 236?
17
Calculate the remainder when 1583687 is divided by 17.
1
Calculate the remainder when 754 is divided by 98.
68
Calculate the remainder when 881 is divided by 807.
74
Calculate the remainder when 20228 is divided by 719.
96
Calculate the remainder when 192420 is divided by 77.
74
Calculate the remainder when 103602 is divided by 10357.
32
Calculate the remainder when 894986 is divided by 976.
970
What is the remainder when 648603 is divided by 185?
178
Calculate the remainder when 41212 is divided by 21.
10
Calculate the remainder when 19257 is divided by 9222.
813
What is the remainder when 3496 is divided by 269?
268
What is the remainder when 658 is divided by 106?
22
Calculate the remainder when 756418 is divided by 140.
138
What is the remainder when 62943 is divided by 13?
10
Calculate the remainder when 181638 is divided by 90817.
4
Calculate the remainder when 190601 is divided by 1629.
8
Calculate the remainder when 10553 is divided by 31.
13
Calculate the remainder when 2231 is divided by 1107.
17
Calculate the remainder when 283305 is divided by 11332.
5
Calculate the remainder when 10865 is divided by 1821.
1760
Calculate the remainder when 920967 is divided by 135.
132
Calculate the remainder when 229 is divided by 121.
108
What is the remainder when 19455 is divided by 76?
75
Calculate the remainder when 3182